or of 10990 and 280?
70
What is the highest common factor of 1386 and 99?
99
What is the highest common factor of 152 and 40?
8
Calculate the greatest common factor of 100 and 975.
25
Calculate the greatest common factor of 1708 and 84.
28
Calculate the greatest common factor of 9 and 864.
9
Calculate the greatest common factor of 144 and 18.
18
Calculate the highest common factor of 10 and 5710.
10
What is the greatest common factor of 14 and 10766?
14
What is the highest common factor of 336 and 3552?
48
Calculate the highest common divisor of 627 and 66.
33
Calculate the greatest common factor of 26 and 1573.
13
What is the greatest common factor of 26 and 494?
26
Calculate the greatest common factor of 469 and 7.
7
What is the highest common factor of 18 and 1017?
9
Calculate the greatest common divisor of 885 and 15.
15
Calculate the highest common factor of 67 and 2613.
67
What is the greatest common factor of 64 and 464?
16
What is the greatest common factor of 15 and 555?
15
Calculate the highest common divisor of 8357 and 549.
61
What is the highest common factor of 48 and 2796?
12
What is the greatest common factor of 1589 and 7?
7
What is the highest common factor of 234 and 325?
13
Calculate the greatest common factor of 224 and 4228.
28
What is the highest common divisor of 110 and 2035?
55
What is the highest common divisor of 54 and 1593?
27
Calculate the highest common divisor of 629 and 74.
37
Calculate the highest common divisor of 153 and 117.
9
Calculate the highest common factor of 2415 and 336.
21
Calculate the greatest common divisor of 13702 and 68.
34
What is the highest common factor of 1518 and 138?
138
Calculate the highest common divisor of 6 and 114.
6
What is the highest common factor of 40 and 170?
10
What is the highest common factor of 2388 and 12?
12
What is the greatest common factor of 44 and 3124?
44
What is the highest common divisor of 16 and 40272?
16
Calculate the highest common divisor of 1240 and 100.
20
Calculate the greatest common factor of 1035 and 315.
45
What is the highest common factor of 1340 and 20?
20
Calculate the greatest common divisor of 627 and 15.
3
What is the greatest common factor of 41 and 29889?
41
Calculate the greatest common factor of 150 and 810.
30
What is the highest common factor of 638 and 87?
29
Calculate the highest common factor of 3426 and 6.
6
What is the highest common factor of 254 and 14605?
127
Calculate the highest common divisor of 100 and 40.
20
Calculate the highest common factor of 132 and 99.
33
Calculate the greatest common factor of 20 and 5620.
20
What is the greatest common factor of 29 and 232?
29
What is the highest common factor of 935 and 6358?
187
What is the greatest common divisor of 684 and 432?
36
Calculate the greatest common divisor of 705 and 15.
15
Calculate the highest common divisor of 20 and 44.
4
What is the highest common factor of 10 and 514?
2
What is the greatest common factor of 8932 and 29?
29
What is the highest common factor of 49 and 7?
7
Calculate the greatest common divisor of 15750 and 360.
90
What is the greatest common factor of 3182 and 74?
74
What is the greatest common divisor of 720 and 96?
48
Calculate the highest common divisor of 187 and 442.
17
Calculate the highest common factor of 8 and 232.
8
What is the greatest common factor of 900 and 100?
100
Calculate the greatest common divisor of 600 and 168.
24
What is the greatest common factor of 437 and 342?
19
What is the highest common factor of 9418 and 34?
34
What is the highest common divisor of 35928 and 72?
72
Calculate the greatest common factor of 198 and 2530.
22
Calculate the highest common divisor of 16798 and 74.
74
What is the greatest common divisor of 12015 and 270?
135
What is the highest common divisor of 2312 and 64?
8
Calculate the highest common divisor of 5908 and 392.
28
Calculate the greatest common factor of 376 and 329.
47
What is the highest common factor of 51 and 1581?
51
What is the greatest common divisor of 24 and 88?
8
Calculate the greatest common factor of 1 and 35.
1
What is the greatest common factor of 14 and 246?
2
What is the greatest common factor of 45 and 265?
5
What is the greatest common divisor of 20 and 60?
20
Calculate the highest common divisor of 36 and 13.
1
Calculate the greatest common divisor of 845 and 52.
13
What is the greatest common divisor of 124 and 837?
31
Calculate the highest common factor of 418 and 342.
38
What is the highest common divisor of 168 and 96?
24
Calculate the highest common factor of 22 and 26037.
11
Calculate the highest common divisor of 128 and 1112.
8
What is the greatest common divisor of 3724 and 8?
4
What is the highest common divisor of 6 and 2610?
6
What is the highest common divisor of 144 and 27?
9
What is the greatest common divisor of 21 and 987?
21
What is the greatest common divisor of 2400 and 10?
10
What is the greatest common divisor of 1235 and 285?
95
What is the greatest common divisor of 16 and 5600?
16
What is the highest common factor of 575 and 50?
25
What is the greatest common factor of 172 and 22?
2
Calculate the greatest common factor of 531 and 1947.
177
What is the highest common divisor of 603 and 18?
9
What is the greatest common factor of 700 and 252?
28
What is the greatest common divisor of 54 and 3942?
54
Calculate the highest common divisor of 55 and 11.
11
What is the greatest common factor of 304 and 1938?
38
Calculate the greatest common factor of 602 and 98.
14
Calculate the greatest common factor of 176 and 407.
11
What is the highest common divisor of 221 and 65?
13
Calculate the greatest common factor of 32457 and 93.
93
Calculate the highest common factor of 1533 and 42.
21
What is the highest common factor of 1469 and 39?
13
What is the greatest common divisor of 304 and 19?
19
What is the greatest common divisor of 13598 and 26?
26
What is the highest common divisor of 114 and 2337?
57
What is the greatest common factor of 44 and 7414?
22
What is the greatest common divisor of 22177 and 134?
67
What is the greatest common factor of 234 and 6786?
234
What is the greatest common divisor of 43 and 43?
43
Calculate the greatest common divisor of 986 and 187.
17
Calculate the highest common factor of 368 and 3956.
92
Calculate the highest common factor of 1815 and 2035.
55
What is the highest common divisor of 165 and 3102?
33
Calculate the highest common divisor of 825 and 60.
15
What is the highest common divisor of 72 and 180?
36
What is the highest common divisor of 2146 and 58?
58
Calculate the highest common factor of 118 and 50622.
118
Calculate the greatest common factor of 116 and 548.
4
What is the greatest common divisor of 3871 and 7?
7
What is the greatest common factor of 5 and 3375?
5
Calculate the greatest common factor of 144 and 18.
18
Calculate the greatest common factor of 18582 and 570.
114
What is the highest common divisor of 1120 and 1932?
28
Calculate the highest common divisor of 37 and 1147.
37
What is the highest common factor of 30 and 5190?
30
What is the highest common divisor of 378 and 20223?
189
What is the greatest common factor of 19 and 627?
19
What is the highest common factor of 7296 and 399?
57
What is the greatest common factor of 246 and 2255?
41
What is the greatest common divisor of 308 and 176?
44
Calculate the greatest common factor of 17 and 323.
17
Calculate the highest common factor of 60 and 108.
12
Calculate the greatest common factor of 42 and 833.
7
What is the greatest common factor of 3201 and 97?
97
Calculate the greatest common factor of 3807 and 3243.
141
Calculate the highest common factor of 19 and 1254.
19
What is the highest common factor of 612 and 1564?
68
Calculate the greatest common divisor of 246 and 3.
3
Calculate the greatest common divisor of 5488 and 16.
16
What is the highest common divisor of 232 and 8?
8
Calculate the highest common divisor of 5 and 35.
5
What is the highest common factor of 19656 and 108?
108
What is the greatest common factor of 35 and 235?
5
Calculate the greatest common factor of 2125 and 17.
17
Calculate the greatest common divisor of 142 and 18176.
142
What is the greatest common factor of 85 and 9265?
85
Calculate the highest common factor of 40